 (base 8) to base 16.
-f7f
What is -1110001111100010 (base 2) in base 5?
-3331323
Convert 631 (base 10) to base 8.
1167
What is 10244 (base 5) in base 2?
1010111011
Convert 537 (base 9) to base 14.
235
-32221 (base 4) to base 2
-1110101001
Convert 110000001 (base 2) to base 7.
1060
Convert -1450 (base 12) to base 6.
-14540
-69a5 (base 11) to base 12
-539a
Convert 33223 (base 6) to base 14.
1983
What is -2113110 (base 5) in base 2?
-1000101001001101
-418 (base 15) to base 12
-64b
-564 (base 10) to base 14
-2c4
-10013012 (base 4) to base 16
-41c6
Convert 2010002020 (base 3) to base 5.
2312423
1651 (base 7) to base 15
2ed
Convert 29669 (base 10) to base 3.
1111200212
What is 472 (base 8) in base 13?
1b2
What is -513 (base 11) in base 16?
-26b
4b2 (base 12) to base 16
2c6
What is -c8 (base 15) in base 2?
-10111100
Convert 51a (base 15) to base 14.
5c2
Convert 553 (base 15) to base 14.
61d
Convert 2125 (base 6) to base 5.
3420
What is -3120 (base 5) in base 12?
-2a2
887 (base 15) to base 9
2571
Convert -83 (base 13) to base 9.
-128
-302 (base 16) to base 14
-3d0
What is 50250 (base 6) in base 9?
10023
-ae (base 16) to base 12
-126
What is 13312002 (base 4) in base 3?
1122002000
What is -750 (base 10) in base 4?
-23232
Convert 123 (base 12) to base 8.
253
What is -1122220 (base 3) in base 6?
-5340
Convert 454 (base 14) to base 16.
35a
What is -10704 (base 8) in base 2?
-1000111000100
1158 (base 11) to base 9
2063
What is fbd5 (base 16) in base 15?
1417e
What is -1000110010000 (base 2) in base 11?
-3418
What is -1011123 (base 4) in base 3?
-20002120
Convert 1110111110111 (base 2) to base 14.
2b1d
Convert 15201 (base 8) to base 12.
3b15
What is -222 (base 6) in base 14?
-62
What is 1122 (base 5) in base 2?
10100010
Convert 492 (base 12) to base 15.
30b
Convert -719 (base 11) to base 10.
-867
13 (base 12) to base 5
30
What is 43131 (base 5) in base 6?
21300
What is -43234 (base 6) in base 5?
-142201
What is 2321 (base 4) in base 3?
20212
What is db3 (base 14) in base 12?
1695
Convert 16433 (base 14) to base 4.
31212131
Convert 38a0 (base 12) to base 3.
22212010
What is 1000001 (base 2) in base 13?
50
What is -101110100 (base 2) in base 7?
-1041
What is -147 (base 14) in base 15?
-124
Convert -bb (base 14) to base 10.
-165
What is -5a8 (base 12) in base 15?
-3b8
What is 104210 (base 7) in base 13?
8426
Convert 84 (base 9) to base 12.
64
What is d821 (base 15) in base 12?
2254a
-435 (base 15) to base 8
-1666
Convert 47c0 (base 13) to base 10.
10127
-1457 (base 8) to base 7
-2243
-233200 (base 6) to base 7
-112530
What is 341241 (base 6) in base 16?
7099
What is -3504 (base 6) in base 11?
-697
What is -15bc (base 16) in base 7?
-22136
1202201110 (base 3) to base 10
34788
283 (base 9) to base 4
3231
22ba (base 12) to base 6
25554
Convert -248 (base 9) to base 2.
-11001110
3c0 (base 14) to base 16
2f4
What is 2614 (base 8) in base 7?
4066
-4643 (base 14) to base 15
-3941
What is 1191 (base 15) in base 14?
150c
What is 111434 (base 5) in base 12?
238a
100023 (base 4) to base 10
1035
-44141 (base 8) to base 7
-105010
Convert 334 (base 7) to base 9.
211
-1110212 (base 3) to base 5
-13301
What is 21d (base 15) in base 6?
2114
What is 141 (base 5) in base 6?
114
Convert 674c (base 13) to base 11.
a928
870 (base 13) to base 4
112203
-1265 (base 7) to base 13
-2b7
Convert 21221102 (base 3) to base 16.
169d
-280 (base 15) to base 6
-2350
What is ea (base 15) in base 14?
11a
-301313 (base 6) to base 10
-23661
Convert -939 (base 10) to base 7.
-2511
What is 24 (base 7) in base 3?
200
13c9b (base 15) to base 16
f86c
-31a (base 12) to base 10
-454
-4998 (base 15) to base 6
-200312
-121211 (base 3) to base 8
-706
35441 (base 7) to base 16
23b7
What is 435 (base 11) in base 14?
294
What is -1201 (base 4) in base 13?
-76
48b (base 12) to base 8
1253
Convert -203130 (base 4) to base 3.
-10010000
-1200021 (base 4) to base 8
-14011
Convert -10222 (base 6) to base 16.
-566
What is -5310 (base 11) in base 6?
-52313
3431 (base 15) to base 3
120012001
What is -58 (base 12) in base 7?
-125
Convert 10656 (base 7) to base 15.
c26
What is -16b3 (base 12) in base 13?
-131a
Convert 3b1 (base 15) to base 10.
841
Convert 23020 (base 9) to base 4.
3233133
2100101110 (base 3) to base 11
31799
33300 (base 4) to base 3
1101100
-2145 (base 6) to base 8
-761
Convert 6677 (base 8) to base 14.
13d5
Convert 52c3 (base 14) to base 8.
33713
Convert -1500 (base 13) to base 3.
-11011200
What is 3158 (base 12) in base 14?
1d76
-10455 (base 7) to base 3
-10121200
Convert -52104 (base 6) to base 3.
-100112111
Convert 1504 (base 8) to base 2.
1101000100
What is 3ba (base 14) in base 15?
352
What is -110010 (base 4) in base 15?
-5a9
What is 2100021 (base 3) in base 5?
23313
What is -33b (base 13) in base 16?
-22d
What is -4013 (base 6) in base 10?
-873
-28514 (base 13) to base 6
-1341452
Convert -4374 (base 11) to base 5.
-141033
22514 (base 6) to base 4
302032
23031 (base 7) to base 5
141403
Convert 22802 (base 11) to base 5.
2023124
Convert -41 (base 11) to base 16.
-2d
What is -9423 (base 12) in base 10?
-16155
Convert -1300001 (base 5) to base 9.
-37258
21a76 (base 11) to base 3
1121202201
What is 59573 (base 11) in base 15?
1a699
Convert -411 (base 9) to base 10.
-334
Convert 1200002 (base 3) to base 11.
a07
-110010011001 (base 2) to base 3
-11102110
What is 202022 (base 3) in base 13?
332
Convert 116 (base 7) to base 8.
76
-24026 (base 10) to base 12
-11aa2
What is 2401 (base 9) in base 5?
24113
11010111000 (base 2) to base 3
2100201
-13a (base 11) to base 14
-ba
Convert a63 (base 11) to base 4.
103333
-788 (base 16) to base 15
-888
Convert -10080 (base 9) to base 6.
-50413
Convert 240201 (base 5) to base 16.
2261
What is -347 (base 9) in base 11?
-240
-1918 (base 11) to base 15
-ac9
Convert -733 (base 14) to base 2.
-10110001001
Convert -7076 (base 14) to base 6.
-225224
What is 20332 (base 6) in base 16?
aa0
Convert 5165 (base 7) to base 6.
12215
What is -1111122 (base 3) in base 13?
-665
What is -11432 (base 6) in base 3?
-2022002
Convert 16823 (base 9) to base 13.
5388
Convert -3b0 (base 12) to base 5.
-4224
What is -2001002 (base 3) in base 12?
-a3b
Convert 1341223 (base 5) to base 7.
143503
What is 4020 (base 8) in base 3?
2211110
12c8 (base 15) to base 5
112023
-100010010 (base 2) to base 16
-112
-5a93 (base 11) to base 15
-2562
-10111111001 (base 2) to base 3
-2002122
-112a0 (base 12) to base 9
-34333
-101a (base 11) to base 10
-1352
-221001222 (base 3) to base 2
-100011101100110
Convert 107b (base 16) to base 10.
4219
What is 32c9 (base 15) in base 2?
10101000001100
What is -5326 (base 9) in base 14?
-15d6
What is 1807 (base 10) in base 6?
12211
Convert 43055 (base 10) to base 7.
236345
What is -5c0 (base 13) in base 4?
-33221
Convert -879 (base 10) to base 2.
-1101101111
13 (base 11) to base 3
112
What is -133 (base 13) in base 3?
-21211
617 (base 11) to base 15
349
Convert -898a (base 15) to base 10.
-29155
11000000111 (base 2) to base 4
120013
121221 (base 3) to base 4
13021
Convert -670 (base 10) to base 12.
-47a
-4892 (base 10) to base 12
-29b8
-1460 (base 10) to base 3
-2000002
What is 20211210 (base 3) in base 5?
124424
What is -153 (base 12) in base 13?
-12c
-10101101100011 (base 2) to base 10
-11107
-1640 (base 9) to base 6
-5443
What is 10423 (base 15) in base 8?
144546
Convert -330 (base 10) to base 8.
-512
110000010 (base 2) to base 5
3021
Convert 5980 (base 16) to base 8.
54600
What is 465c (base 16) in base 6?
215220
3335 (base 6) to base 7
2162
What is 20b (base 13) in base 5?
2344
1513 (base 9) to base 16
47a
What is -2175 (base 11) in base 9?
-3833
What is -545 (base 8) in base 14?
-1b7
Convert 3473 (base 16) to base 12.
792b
What is -10641 (base 7) in base 14?
-dc8
What is -1110011011 (base 2) in base 3?
-1021012
What is 41121 (base 5) in base 2?
101001100101
What is a83 (base 14) in base 3?
2211212
Convert -101100000101 (base 2) to base 9.
-3774
What is -1308 (base 10) in base 6?
-10020
-1100101000100 (base 2) to base 6
-45540
Convert c50 (base 13) to base 8.
4055
10011101010 (base 2) to base 12
88a
What is -1001010010 (base 2) in base 14?
-306
What is 64122 (base 7) in base 15?
4a63
Convert 511 (base 8) to base 14.
197
Convert 1010001111000 (base 2) to base 4.
1101